(q) = 4*q**3 - q + 1. Let m(y) = -2*y + 19. Let c be m(9). Let r be j(c). Suppose -20 = -p - 0*p + r*n, 20 = p + 2*n. What is the tens digit of p?
2
Let n(a) = 33*a - 4. Let c be n(1). Suppose 0*y + c = 3*m - 4*y, m - 5*y = -5. What is the units digit of m?
5
Let g(y) = y**3 - y**2 - y + 5. Let r = -14 - -5. Let w = 9 + r. What is the units digit of g(w)?
5
Let o = 991 + -610. What is the units digit of o?
1
Let c = 5547 - 1083. What is the thousands digit of c?
4
Let n be 4/10 + 436/10. Let z = n - 62. Let g = 48 + z. What is the tens digit of g?
3
Suppose x - 88 = -5*a - x, -4*a + 77 = -5*x. Suppose -a = -3*o + 51. Suppose 5*c - 7 - o = 0. What is the units digit of c?
6
Suppose -o = 3*t, -3*o + 0*o = 3*t. Suppose -6*y + 4*y + 414 = t. What is the tens digit of y?
0
Suppose -s - 3*s = -5*q - 4, 12 = s - 4*q. Let m = 1 - s. Let j = 8 - m. What is the units digit of j?
3
Suppose 776*n - 1658 = 774*n. What is the units digit of n?
9
Suppose 4*g - 1128 = g. Suppose 7 - 3 = -z, 5*z - g = -4*c. What is the tens digit of c?
9
Let l(j) = -5*j**3 + 2*j**2 + 9*j + 7. What is the tens digit of l(-3)?
3
Suppose -2*x - 5*h = -180, 714 - 231 = 5*x - 4*h. What is the units digit of x?
5
Let l be (-100)/16 - 3/4. Let n = l + 4. What is the tens digit of (-3)/(0 + n/19)?
1
Let q(c) = -4*c**2 + 3*c - 14. Let v(x) = 2*x**2 + 4*x + 7 - 2*x - 3*x. Let g(r) = 2*q(r) + 5*v(r). What is the units digit of g(-5)?
2
What is the tens digit of 10 - 20/5 - -67?
7
Let v(j) = -j**3 + 2*j**2 + j + 148. Suppose 0 = -5*k + 5*h + 15, 5*h + 14 + 1 = -5*k. What is the units digit of v(k)?
8
Let m = 3044 - 1948. What is the units digit of m?
6
Let j = -11 + 1. Let m be ((-5)/j)/((-1)/24). What is the units digit of (-322)/m + 5/30?
7
Let i(m) = -m**2 + 3*m + 3. Let u be i(3). Suppose u*k - 5*f + 0 = 16, -5*f = 2*k + 6. Suppose -3*s = -k*s - 3. What is the units digit of s?
3
Suppose -47*y - 73 - 68 = 0. Let r(z) = 4*z**2 - 2*z - 3. Let v be r(-2). Let t = v - y. What is the tens digit of t?
2
Suppose -4*k - 3*h - 2*h - 63 = 0, 0 = -5*h + 25. Let z = 8 - k. What is the units digit of z?
0
Suppose -3*s + 12 = 0, 5*s - 127 = 4*m + 197. Let w = -23 - m. Let h = -38 + w. What is the tens digit of h?
1
Let l(j) = -j**3 + 16*j**2 - 33*j + 39. What is the hundreds digit of l(12)?
2
Suppose w = -295 + 145. Let d = 310 + w. What is the hundreds digit of d?
1
Let y be (-99)/27 + 2/(-6). Let g(u) = -2*u - 5. Let a be g(y). Suppose -121 - 8 = -a*r. What is the tens digit of r?
4
Suppose -n = -4*n - 9. Let b be (4/(-3) - 0)*n. Suppose -6*k + 128 = -3*k - u, -179 = -b*k + 3*u. What is the tens digit of k?
4
Let n(u) = u**2 - 36. Let h be n(0). Let i be 12/h + (-52)/6. What is the units digit of i/(-7) + 4/(-14)?
1
Suppose 0*q + q - 3*o = 652, o = -2. What is the hundreds digit of q?
6
Let j(i) = 3 + 110*i - 24 - 126*i. Let f be j(-5). Suppose -3*q + f = 20. What is the tens digit of q?
1
Let d = -44 + 28. Let h be 1/(-1) - 2704/d. Suppose 23*v - 27*v = -h. What is the tens digit of v?
4
Suppose -q = -14 - 1. Let p = q + -7. What is the units digit of p?
8
Suppose 2765 = 5*u - 3*n, 4*n + 1106 = 2*u + 6*n. What is the hundreds digit of u?
5
Let i = 1578 - 1095. What is the tens digit of i?
8
Let m(v) be the second derivative of v**7/630 - v**5/40 + v**4/2 - 7*v. Let n(r) be the third derivative of m(r). What is the tens digit of n(3)?
3
Suppose 16*c = 18*c + 4. Let q be 4/c - -2 - 8. What is the units digit of (q/12)/(8/(-420))?
5
Let p be 0 - -1 - (8/(-4) - 189). Suppose 2*s - 3*a = p, 3*a - a = -s + 103. What is the units digit of s?
9
Suppose 0 = 104*c - 110*c + 2292. What is the hundreds digit of c?
3
Let p(m) = -1120*m**3 + 2*m**2. What is the hundreds digit of p(-1)?
1
What is the units digit of (6862/141)/(2/36)?
6
Suppose 31*a - 25*a - 24 = 0. What is the hundreds digit of 1740/9 + -2 + a/6?
1
Suppose -395 = 2*s - 4*s + 5*t, 0 = -4*s + 3*t + 797. What is the hundreds digit of s?
2
Suppose -475 = -15*u - 160. What is the tens digit of (u/14)/(6/296)?
7
Suppose 6*j - 1034 + 692 = 0. What is the tens digit of j?
5
Suppose 6*z - 19 - 11 = 0. Suppose -5*j - 2*t - 2*t = -700, -2*t + 690 = z*j. What is the tens digit of j?
3
Let o(i) = i**3 - 15*i**2 - 2*i - 16. Let k(l) = -2*l + 4. Let q be k(-6). What is the hundreds digit of o(q)?
2
Let q = 1 - -41. Suppose 30 = 2*c - 2*m, 4*c - 2*c = -2*m + q. What is the tens digit of 10*(c/3 - 3)?
3
Let h = -624 - -299. Let p = h - -482. What is the tens digit of p?
5
Let k(y) = -4*y**3 - 2*y**2 - 3*y - 1. Let c be k(-1). Suppose -5*g = 4*a - 757, 2*a - 346 = -0*a + c*g. What is the units digit of a?
3
Let s = 14 + -6. Let b be (s/18)/(4/18). Suppose 0 = 3*q + 5*a - 96, 0*a + 48 = b*q - 2*a. What is the units digit of q?
7
What is the hundreds digit of 406 + (8 - 10)/(2/4)?
4
Let g(f) = -f + 4. Suppose -104 = -3*i - 2*b + 22, -31 = -i + 3*b. Let q be ((-3)/2)/(15/i). What is the units digit of g(q)?
8
Suppose 4*y = 24 - 56. Let a be (-7 - y)/((-1)/(-8)). Suppose a*l - 156 = 4*l. What is the units digit of l?
9
Suppose -4*z + 18 = -2, -z = -q - 2. Let t = 85 + -54. Suppose -x + 2*x - q*u - t = 0, x = 2*u + 28. What is the tens digit of x?
2
Let i = -533 - -1102. What is the units digit of i?
9
Suppose -5*u = 2*u - 28. What is the tens digit of (-5 + 0 - -56) + u?
5
What is the hundreds digit of (52/(-16)*-2)/((-1)/(-136))?
8
Let y = -51 - -70. What is the units digit of y?
9
Suppose 7*n = c + 2*n - 25, -4*n = 2*c + 6. Suppose -c*b + 461 = -104. What is the hundreds digit of b?
1
Let d(l) = l**3 - 3*l**2 + 4*l - 4. Let n be d(2). Suppose -3*i = 2*i - 725. Suppose -5*b + 0*b + i = n. What is the units digit of b?
9
Let p(d) = -2*d**3 + d**2 + 2*d + 983. Let z be p(0). Suppose -3*g + 2*q - 7*q = -z, 4*q + 1268 = 4*g. What is the tens digit of g?
2
Suppose -5*f = -2622 + 497. What is the tens digit of f?
2
Suppose 5*t = 2*c + 3*t - 1434, 0 = 5*c - t - 3577. What is the tens digit of c?
1
What is the hundreds digit of (-6151)/(-8) + -1 - 5/(-40)?
7
Let y = -17 - -54. Let p = -23 + y. Let s = p - -14. What is the tens digit of s?
2
Suppose -a = 5*g - 25, a + 4*a + g = 5. Suppose 2*r - 2 = 4*o - 2*o, -3*r = 5*o - 27. What is the units digit of r - (-5 - (a + -3))?
6
Let d be 66/((4/18)/((-8)/(-12))). What is the tens digit of d - -1 - -4 - -2?
0
Suppose 3*d - d - 2*w = -2, 0 = 4*d + 3*w - 3. Suppose d = 3*j - 2*j - 58. What is the tens digit of j?
5
Let t = -1 + 0. Let s = t - 3. Let c = 0 - s. What is the units digit of c?
4
What is the thousands digit of 6/33 - (-16311)/11?
1
What is the hundreds digit of 5 - ((-10 - -18) + -179)?
1
Let p = 397 - -137. What is the tens digit of p?
3
Let z(i) = -i**3 + 3*i**2 - 5*i. Let g be z(3). What is the hundreds digit of 25/g*378/(-3)?
2
Let l(y) = 4*y**2 + 14*y + 10. Let c be l(-11). Let u = -136 + c. What is the hundreds digit of u?
2
Let k = 1002 - -921. What is the thousands digit of k?
1
What is the tens digit of (-618)/(-90) + -7 - (-11436)/45?
5
Let b(j) = -2*j**2 - 13*j - 10. Let c be b(-5). Suppose -3*s + 50 = c*i, 3*i = -0*s + 2*s + 30. What is the tens digit of i?
1
Let w = 348 - -511. What is the hundreds digit of w?
8
Let z(c) = c + 8. Let x be z(-5). Suppose 2*m = 4*f - 0*f - 6, -3*m - 3*f + 18 = 0. Suppose x*a = -6*d + m*d + 60, 4*d = 5*a - 73. What is the tens digit of a?
1
What is the units digit of (-54)/4*(9 - 49)?
0
Suppose 4*h + 4*r - 4 = 0, 2*h - 3*r - 29 = -3*h. Suppose -2*u + 10 = h. Suppose -4*s + 68 = 4*y, -u*s + 22 + 29 = y. What is the tens digit of s?
1
Let j(x) = 2*x + 19. Let p be j(-8). Suppose -b + 2*w + 13 = 0, -b + 4*b + p*w - 48 = 0. Suppose 11*c = 6*c + b. What is the units digit of c?
3
Let s be ((-516)/(-3))/((-2)/(-10)*2). Suppose -5*i = -55 - s. What is the units digit of i?
7
Let i = -375 - -835. Suppose -982 = -4*u + 2*a, 5*a - 13 = -2*u + i. What is the tens digit of u?
4
Let q = -33 + -47. Let i = q + 135. What is the tens digit of i?
5
Let w be ((-13)/2 + 5)*(-6)/9. Let n(v) = 286*v**3 - 3*v**2 + 2*v + 1. What is the hundreds digit of n(w)?
2
Suppose 3*d = -5*z + 9204, 6 = -28*d + 25*d. What is the hundreds digit of z?
8
Let k(d) = 2*d - 8. Let x be k(5). Suppose 4*y - 135 = 5*f, x*y - 75 = -2*f - 3*f. What is the tens digit of y?
3
Suppose 3*p = 4*h - 2852, -h + 3*h - 3*p 